 when w is divided by v?
21
Let x = 24 + -20. What is the remainder when -1*x*235/(-20) is divided by 24?
23
What is the remainder when 4/((-5)/((-660)/8)) is divided by 23?
20
Suppose 7*o - 5*o = 6. What is the remainder when 8 is divided by o?
2
Let x be 9*(-1)/12*-4. Suppose 5*y - x*f = y + 55, 4*y = 5*f + 65. What is the remainder when y is divided by 6?
4
Calculate the remainder when 464/20*(-5)/(-2) is divided by 15.
13
Let t = 40 - 8. What is the remainder when t is divided by 17?
15
Let r(x) = -x**3 + 8*x**2 - 10*x + 7. Calculate the remainder when 53 is divided by r(6).
15
Let u = 107 - 54. Suppose l - 2*l + u = 0. What is the remainder when l is divided by 9*4*5/10?
17
Suppose 38 + 36 = 2*p. Suppose -w + p = -15. Let o = w + -9. What is the remainder when o is divided by 15?
13
Calculate the remainder when 48/(-5)*(-20)/6 is divided by 17.
15
Suppose -k + 74 = 2*w, 2*w + 136 = 5*k - 186. Let v(m) = -5*m**2 + 4*m + 2. Let r be v(-3). Let n = -38 - r. What is the remainder when k is divided by n?
15
Let w(y) = -5*y - 19. What is the remainder when 19 is divided by w(-6)?
8
Let j be 2/(-4)*0/8. Suppose 0*h - 5*h + 60 = j. Calculate the remainder when h is divided by 7.
5
Let v be (-2)/(-5)*(-3 + 8). What is the remainder when (-9)/(-6) - (-33)/v is divided by 10?
8
Let i = -54 + 69. What is the remainder when 44 is divided by i?
14
Suppose 36 = -11*q + 14*q. Calculate the remainder when 57 is divided by q.
9
Let r(n) = -n**3 - n**2 + 6*n - 4. Calculate the remainder when 74 is divided by r(-4).
14
Let f(p) = 3*p**2 - 2*p - 4. Let l be f(4). What is the remainder when 4/18 + 28/l is divided by 1?
0
Suppose 0 = -5*i - 8 + 28. Let z = 215 + -208. What is the remainder when z is divided by i?
3
Let b = -7 - -21. What is the remainder when 23 is divided by b?
9
Let r(n) be the first derivative of n**2/2 + 8*n + 2. Let a be r(6). Suppose -a = -k + 17. Calculate the remainder when k is divided by 11.
9
Let b = -6 + 11. Suppose 0 = b*r - 100. Suppose 76 = 4*p + r. What is the remainder when p is divided by 8?
6
Suppose -14 = 5*y - 6*y. What is the remainder when 25 is divided by y?
11
Let p be (2/(-2))/((-4)/8). Suppose 5 = p*a - a. Suppose 2*c = -3*c + 5*w + 40, -a*c = 2*w - 33. What is the remainder when 19 is divided by c?
5
Suppose -3*m - 5*h = 5, -m = -3*h - 1 - 2. Let n(w) = -w**2 - w + 13. What is the remainder when (-74 - m)*(-2)/4 is divided by n(0)?
11
Suppose -v + 2*v + 1 = 0. Calculate the remainder when v/3 + (-1088)/(-24) is divided by 23.
22
Suppose 1050 = 8*o - o. Calculate the remainder when o is divided by 17.
14
Suppose 5*p - 4 = 11. What is the remainder when 54 is divided by 14*1/(-2 + p)?
12
Let d = -2 + -4. What is the remainder when 375/9 + 4/d is divided by 11?
8
Suppose 2*j + 120 = 7*j. Let w(x) = x - 1. Let c be w(-7). Let n = c - -21. What is the remainder when j is divided by n?
11
Let v(w) = 2*w - 1. Suppose 2 = -2*h, -2*r + r = h - 3. Suppose r*o - 16 = -0*o. Calculate the remainder when v(o) is divided by 5.
2
Suppose 2*c - 49 = -3*x + 3*c, -5*x + 67 = 2*c. What is the remainder when 57 is divided by x?
12
Let x be 1 - 0 - (-5 - 0). Suppose -3 + x = d. Suppose -50 = -d*b + b. What is the remainder when b is divided by 7?
4
Suppose 5*u - 337 = -5*q + 2*q, 0 = -2*u - 5*q + 131. What is the remainder when u is divided by 23?
22
Let f(k) = 11*k. Calculate the remainder when f(9) is divided by 20.
19
Let b(a) = a - 1. Let l(k) = k**3 + 7*k**2 + 5*k - 4. Let h be (18/15)/((-1)/5). Calculate the remainder when l(h) is divided by b(3).
0
Suppose 5*n - 102 = 4*w - 7, 10 = -2*w. Calculate the remainder when 58 is divided by n.
13
Let l(i) = -i**3 - 8*i**2 - 9*i - 8. Let t be 0 + -5 + (-5 - -3). What is the remainder when 17 is divided by l(t)?
5
Let w = -27 + 46. Let v = -34 + 58. Let u = -14 + v. What is the remainder when w is divided by u?
9
Suppose -5*r = -0 - 70. Calculate the remainder when 23 is divided by r.
9
Let x = 423 + -276. What is the remainder when x is divided by 30?
27
Let j = -24 - -56. What is the remainder when 63 is divided by j?
31
Suppose 4*g = 2*g + 8, -4*x + 68 = 3*g. Let t(a) = 2*a + 41. Calculate the remainder when t(0) is divided by x.
13
Let u(a) = -6*a - 2. Let v be u(-2). Suppose 2*i - v = o + 1, 2*i - 5 = 3*o. Suppose 0*w - i = -w. What is the remainder when 19 is divided by w?
5
Let a(c) = 0*c + 0 + 2*c + 0 + 1. Let k be (-2)/(-4) + (-6)/(-4). What is the remainder when a(k) is divided by 3?
2
Suppose -2*t = -8 - 74. Suppose -4*v - m = -t + 303, -5*v - 336 = -3*m. Calculate the remainder when 30 is divided by (-1)/2 + v/(-4).
14
Let j(b) = b - 1. Let d be j(1). Let z = -1 + d. Let v = z - -4. What is the remainder when 6 is divided by v?
0
Suppose 5*c = 0, 0 + 7 = p - 2*c. Calculate the remainder when p is divided by (-1)/((-1)/5)*21/35.
1
Suppose -3*h = -0*h - 15. Suppose 1 = -6*j + h*j. What is the remainder when j*14/6*-3 is divided by 4?
3
Let q = -8 - -14. Suppose -3*a + 2*t = -2*t + 26, a - 3 = -t. Calculate the remainder when (-3)/9*(-71 - a) is divided by q.
5
Suppose -m = -32 - 11. Suppose -18 = -2*q + 5*g, 5*q + 3*g = 33 + m. Calculate the remainder when q is divided by 8.
6
Suppose 5*f = 20, o - 2*f + 3*f - 120 = 0. What is the remainder when o is divided by 17?
14
Let k = -2 - -6. Let q = 15 + -4. Calculate the remainder when q is divided by 1/(-4)*-6*k.
5
Let n be -2*2/4*2. Calculate the remainder when 23 is divided by ((-1)/n)/(3/72).
11
Let j(n) = n**2 + 6. Calculate the remainder when j(-10) is divided by 27.
25
Let q(k) = k**3 - 8*k**2 - k + 11. Let i be q(8). Suppose 5*s + i*b - 30 = 0, -6 = -4*s + 3*s + b. What is the remainder when s is divided by 4?
2
Let b(j) = j**3 - 2*j**2 + 3*j + 11. What is the remainder when b(0) is divided by 7?
4
Let p = 1 - -12. What is the remainder when 77 is divided by p?
12
Suppose 3*x = -r + 17, -3*x + 4*r + 2 = 2*r. Suppose -x*c + 87 = -5. What is the remainder when 43 is divided by c + 2/(-1) + 1?
21
Let r(c) = -c**2 - 9*c - 5. Let i be r(-8). Suppose 0 = 5*p + x - 17, p + 2*x + i = 10. Calculate the remainder when 9 is divided by p.
0
Let i(w) = -6*w - 4. Let p be (45/(-12))/(3/(-16)). Suppose 2*l + 2*l - p = 0. What is the remainder when i(-3) is divided by l?
4
Let h be (-2 + 18/5)*30. Suppose 4*c - 92 = -6*r + 2*r, 0 = -2*c - 3*r + h. Let u = 34 - c. What is the remainder when 24 is divided by u?
11
Calculate the remainder when -1*((-15)/10)/(-3)*-110 is divided by 10.
5
Let l = 40 + 0. Let v(t) = 8*t**2 + 5*t + 2. Let x(b) = -7*b**2 - 5*b - 2. Let r(q) = -5*v(q) - 6*x(q). What is the remainder when l is divided by r(-4)?
12
Suppose 2*m = -2*h + 4, -5*m = -2*h - m + 34. Suppose 0*t + 3*t - 9 = 0. Calculate the remainder when h is divided by t.
1
Let y = 33 - 11. Suppose -34 = -5*h + 6. Suppose -4*l - h = 0, -n - 194 = -4*n + l. Calculate the remainder when n is divided by y.
20
Let u(i) = i**3 - 10*i**2 + 2*i - 16. What is the remainder when 12 is divided by u(10)?
0
Calculate the remainder when 14 is divided by (-1)/(-4) - ((-245)/4)/7.
5
Let p = 18 + -9. Let h = -9 - -14. Suppose 3*c + 86 = h*y - 0*y, -3*y + 4*c + 56 = 0. What is the remainder when y is divided by p?
7
Let d = 19 - 11. Let s(w) = 2*w - 7. What is the remainder when 17 is divided by s(d)?
8
Suppose -19 = -u - 6*b + 3*b, 2*u + b = 28. Calculate the remainder when 2/4 + 73/2 is divided by u.
11
Suppose -44*u = -47*u + 108. What is the remainder when u is divided by 10?
6
Suppose -3*l - 31 = -4*l. Let p be 3/(-3)*0 - 3. What is the remainder when l is divided by (p - -5) + 12 + -3?
9
Let f = 0 - -3. Suppose h - 128 = -f*h. Let i(m) = -m + 11. What is the remainder when h is divided by i(0)?
10
Let q be -8*5/((-20)/6). Suppose h + h - q = 0. Calculate the remainder when h is divided by 4.
2
Let u = -40 - -44. What is the remainder when 31 is divided by u?
3
Let t = -16 + 25. What is the remainder when t is divided by 5?
4
Let y = 0 - -1. Let h = 78 + -77. Calculate the remainder when y is divided by h.
0
Suppose -2*g - 6*x = -2*x + 104, 214 = -4*g - 5*x. Let m = 102 + g. What is the remainder when m is divided by 16?
14
Suppose -5*g + 2*d + 58 = 0, 0*d + 18 = g - 2*d. Let r = -13 + 22. Let y = g + r. Calculate the remainder when y is divided by 10.
9
Let v(d) be t